{"id":3700,"date":"2026-01-09T17:11:07","date_gmt":"2026-01-09T16:11:07","guid":{"rendered":"https:\/\/gmg.sklep.pl\/?post_type=product&#038;p=3700"},"modified":"2026-01-09T17:34:39","modified_gmt":"2026-01-09T16:34:39","slug":"fotel-gamingowy-3","status":"publish","type":"product","link":"https:\/\/gmg.sklep.pl\/?product=fotel-gamingowy-3","title":{"rendered":"U-Dynamiq V19"},"content":{"rendered":"<p>U-DYNAMIQ V19 to fotel gamingowy o wielu opcjach regulacji, kt\u00f3ry zapewni wygod\u0119 podczas wielu godzin grania oraz pracy przy komputerze. Sprawdzi si\u0119 w domu i w biurze. Model ten posiada pod\u0142okietniki o regulowanej wysoko\u015bci, kt\u00f3re mo\u017cna dostosowa\u0107 do indywidualnych preferencji u\u017cytkownika.<\/p>\n<p>&#8211; Regulacja wysoko\u015bci zag\u0142\u00f3wka za pomoc\u0105 magnesu<br \/>\n&#8211; Regulacja g\u0142\u0119boko\u015bci oparcia dla kr\u0119g\u00f3w l\u0119d\u017awiowych<br \/>\n&#8211; Regulacja pod\u0142okietnik\u00f3w (4D)<br \/>\n&#8211; Niezale\u017cna regulacja k\u0105ta nachylenia oparcia<br \/>\n&#8211; Mechanizm MULTIBLOCK<br \/>\n&#8211; Oparcie i siedzisko tapicerowane tkanin\u0105<br \/>\n&#8211; Podstawa wykonana z lakierowanego aluminium<br \/>\n&#8211; 2 lata gwarancji<br \/>\n&#8211; Maksymalne obci\u0105\u017cenie 130 kg<\/p>\n","protected":false},"excerpt":{"rendered":"<p>U-DYNAMIQ V19 to fotel gamingowy o wielu opcjach regulacji, kt\u00f3ry zapewni wygod\u0119 podczas wielu godzin grania oraz pracy przy komputerze. Sprawdzi si\u0119 w domu i w biurze. Model ten posiada pod\u0142okietniki o regulowanej wysoko\u015bci, kt\u00f3re mo\u017cna dostosowa\u0107 do indywidualnych preferencji u\u017cytkownika. &#8211; Regulacja wysoko\u015bci zag\u0142\u00f3wka za pomoc\u0105 magnesu &#8211; Regulacja g\u0142\u0119boko\u015bci oparcia dla kr\u0119g\u00f3w l\u0119d\u017awiowych &hellip;<\/p>\n<p class=\"read-more\"> <a class=\"\" href=\"https:\/\/gmg.sklep.pl\/?product=fotel-gamingowy-3\"> <span class=\"screen-reader-text\">U-Dynamiq V19<\/span> Read More &raquo;<\/a><\/p>\n","protected":false},"featured_media":3703,"comment_status":"open","ping_status":"closed","template":"","meta":{"site-sidebar-layout":"default","site-content-layout":"default","ast-global-header-display":"","ast-main-header-display":"","ast-hfb-above-header-display":"","ast-hfb-below-header-display":"","ast-hfb-mobile-header-display":"","site-post-title":"","ast-breadcrumbs-content":"","ast-featured-img":"","footer-sml-layout":"","theme-transparent-header-meta":"default","adv-header-id-meta":"","stick-header-meta":"","header-above-stick-meta":"","header-main-stick-meta":"","header-below-stick-meta":""},"product_brand":[],"product_cat":[40],"product_tag":[84],"class_list":{"0":"post-3700","1":"product","2":"type-product","3":"status-publish","4":"has-post-thumbnail","6":"product_cat-fotele","7":"product_tag-fotel-gamingowy","9":"first","10":"instock","11":"sale","12":"featured","13":"shipping-taxable","14":"purchasable","15":"product-type-simple"},"yoast_head":"<!-- This site is optimized with the Yoast SEO plugin v25.9 - https:\/\/yoast.com\/wordpress\/plugins\/seo\/ -->\n<title>U-Dynamiq V19 -<\/title>\n<meta name=\"description\" content=\"Fotel gamingowy o wielu opcjach regulacji\" \/>\n<meta name=\"robots\" content=\"index, follow, max-snippet:-1, max-image-preview:large, max-video-preview:-1\" \/>\n<link rel=\"canonical\" href=\"https:\/\/gmg.sklep.pl\/?product=fotel-gamingowy-3\" \/>\n<meta property=\"og:locale\" content=\"pl_PL\" \/>\n<meta property=\"og:type\" content=\"article\" \/>\n<meta property=\"og:title\" content=\"U-Dynamiq V19 -\" \/>\n<meta property=\"og:description\" content=\"Fotel gamingowy o wielu opcjach regulacji\" \/>\n<meta property=\"og:url\" content=\"https:\/\/gmg.sklep.pl\/?product=fotel-gamingowy-3\" \/>\n<meta property=\"article:modified_time\" content=\"2026-01-09T16:34:39+00:00\" \/>\n<meta property=\"og:image\" content=\"http:\/\/gmg.sklep.pl\/wp-content\/uploads\/2026\/01\/u-dynamiq-v19-p-1-scaled.png\" \/>\n\t<meta property=\"og:image:width\" content=\"2560\" \/>\n\t<meta property=\"og:image:height\" content=\"2560\" \/>\n\t<meta property=\"og:image:type\" content=\"image\/png\" \/>\n<meta name=\"twitter:card\" content=\"summary_large_image\" \/>\n<meta name=\"twitter:label1\" content=\"Szacowany czas czytania\" \/>\n\t<meta name=\"twitter:data1\" content=\"1 minuta\" \/>\n<script type=\"application\/ld+json\" class=\"yoast-schema-graph\">{\"@context\":\"https:\/\/schema.org\",\"@graph\":[{\"@type\":\"WebPage\",\"@id\":\"https:\/\/gmg.sklep.pl\/?product=fotel-gamingowy-3\",\"url\":\"https:\/\/gmg.sklep.pl\/?product=fotel-gamingowy-3\",\"name\":\"U-Dynamiq V19 -\",\"isPartOf\":{\"@id\":\"https:\/\/gmg.sklep.pl\/#website\"},\"primaryImageOfPage\":{\"@id\":\"https:\/\/gmg.sklep.pl\/?product=fotel-gamingowy-3#primaryimage\"},\"image\":{\"@id\":\"https:\/\/gmg.sklep.pl\/?product=fotel-gamingowy-3#primaryimage\"},\"thumbnailUrl\":\"https:\/\/gmg.sklep.pl\/wp-content\/uploads\/2026\/01\/u-dynamiq-v19-p-1-scaled.png\",\"datePublished\":\"2026-01-09T16:11:07+00:00\",\"dateModified\":\"2026-01-09T16:34:39+00:00\",\"description\":\"Fotel gamingowy o wielu opcjach regulacji\",\"breadcrumb\":{\"@id\":\"https:\/\/gmg.sklep.pl\/?product=fotel-gamingowy-3#breadcrumb\"},\"inLanguage\":\"pl-PL\",\"potentialAction\":[{\"@type\":\"ReadAction\",\"target\":[\"https:\/\/gmg.sklep.pl\/?product=fotel-gamingowy-3\"]}]},{\"@type\":\"ImageObject\",\"inLanguage\":\"pl-PL\",\"@id\":\"https:\/\/gmg.sklep.pl\/?product=fotel-gamingowy-3#primaryimage\",\"url\":\"https:\/\/gmg.sklep.pl\/wp-content\/uploads\/2026\/01\/u-dynamiq-v19-p-1-scaled.png\",\"contentUrl\":\"https:\/\/gmg.sklep.pl\/wp-content\/uploads\/2026\/01\/u-dynamiq-v19-p-1-scaled.png\",\"width\":2560,\"height\":2560,\"caption\":\"fotel gamingowy\"},{\"@type\":\"BreadcrumbList\",\"@id\":\"https:\/\/gmg.sklep.pl\/?product=fotel-gamingowy-3#breadcrumb\",\"itemListElement\":[{\"@type\":\"ListItem\",\"position\":1,\"name\":\"Strona g\u0142\u00f3wna\",\"item\":\"https:\/\/gmg.sklep.pl\/\"},{\"@type\":\"ListItem\",\"position\":2,\"name\":\"Sklep\",\"item\":\"https:\/\/gmg.sklep.pl\/?page_id=38\"},{\"@type\":\"ListItem\",\"position\":3,\"name\":\"U-Dynamiq V19\"}]},{\"@type\":\"WebSite\",\"@id\":\"https:\/\/gmg.sklep.pl\/#website\",\"url\":\"https:\/\/gmg.sklep.pl\/\",\"name\":\"\",\"description\":\"Fotele, krzes\u0142a i inne\",\"potentialAction\":[{\"@type\":\"SearchAction\",\"target\":{\"@type\":\"EntryPoint\",\"urlTemplate\":\"https:\/\/gmg.sklep.pl\/?s={search_term_string}\"},\"query-input\":{\"@type\":\"PropertyValueSpecification\",\"valueRequired\":true,\"valueName\":\"search_term_string\"}}],\"inLanguage\":\"pl-PL\"}]}<\/script>\n<!-- \/ Yoast SEO plugin. -->","yoast_head_json":{"title":"U-Dynamiq V19 -","description":"Fotel gamingowy o wielu opcjach regulacji","robots":{"index":"index","follow":"follow","max-snippet":"max-snippet:-1","max-image-preview":"max-image-preview:large","max-video-preview":"max-video-preview:-1"},"canonical":"https:\/\/gmg.sklep.pl\/?product=fotel-gamingowy-3","og_locale":"pl_PL","og_type":"article","og_title":"U-Dynamiq V19 -","og_description":"Fotel gamingowy o wielu opcjach regulacji","og_url":"https:\/\/gmg.sklep.pl\/?product=fotel-gamingowy-3","article_modified_time":"2026-01-09T16:34:39+00:00","og_image":[{"width":2560,"height":2560,"url":"http:\/\/gmg.sklep.pl\/wp-content\/uploads\/2026\/01\/u-dynamiq-v19-p-1-scaled.png","type":"image\/png"}],"twitter_card":"summary_large_image","twitter_misc":{"Szacowany czas czytania":"1 minuta"},"schema":{"@context":"https:\/\/schema.org","@graph":[{"@type":"WebPage","@id":"https:\/\/gmg.sklep.pl\/?product=fotel-gamingowy-3","url":"https:\/\/gmg.sklep.pl\/?product=fotel-gamingowy-3","name":"U-Dynamiq V19 -","isPartOf":{"@id":"https:\/\/gmg.sklep.pl\/#website"},"primaryImageOfPage":{"@id":"https:\/\/gmg.sklep.pl\/?product=fotel-gamingowy-3#primaryimage"},"image":{"@id":"https:\/\/gmg.sklep.pl\/?product=fotel-gamingowy-3#primaryimage"},"thumbnailUrl":"https:\/\/gmg.sklep.pl\/wp-content\/uploads\/2026\/01\/u-dynamiq-v19-p-1-scaled.png","datePublished":"2026-01-09T16:11:07+00:00","dateModified":"2026-01-09T16:34:39+00:00","description":"Fotel gamingowy o wielu opcjach regulacji","breadcrumb":{"@id":"https:\/\/gmg.sklep.pl\/?product=fotel-gamingowy-3#breadcrumb"},"inLanguage":"pl-PL","potentialAction":[{"@type":"ReadAction","target":["https:\/\/gmg.sklep.pl\/?product=fotel-gamingowy-3"]}]},{"@type":"ImageObject","inLanguage":"pl-PL","@id":"https:\/\/gmg.sklep.pl\/?product=fotel-gamingowy-3#primaryimage","url":"https:\/\/gmg.sklep.pl\/wp-content\/uploads\/2026\/01\/u-dynamiq-v19-p-1-scaled.png","contentUrl":"https:\/\/gmg.sklep.pl\/wp-content\/uploads\/2026\/01\/u-dynamiq-v19-p-1-scaled.png","width":2560,"height":2560,"caption":"fotel gamingowy"},{"@type":"BreadcrumbList","@id":"https:\/\/gmg.sklep.pl\/?product=fotel-gamingowy-3#breadcrumb","itemListElement":[{"@type":"ListItem","position":1,"name":"Strona g\u0142\u00f3wna","item":"https:\/\/gmg.sklep.pl\/"},{"@type":"ListItem","position":2,"name":"Sklep","item":"https:\/\/gmg.sklep.pl\/?page_id=38"},{"@type":"ListItem","position":3,"name":"U-Dynamiq V19"}]},{"@type":"WebSite","@id":"https:\/\/gmg.sklep.pl\/#website","url":"https:\/\/gmg.sklep.pl\/","name":"","description":"Fotele, krzes\u0142a i inne","potentialAction":[{"@type":"SearchAction","target":{"@type":"EntryPoint","urlTemplate":"https:\/\/gmg.sklep.pl\/?s={search_term_string}"},"query-input":{"@type":"PropertyValueSpecification","valueRequired":true,"valueName":"search_term_string"}}],"inLanguage":"pl-PL"}]}},"_links":{"self":[{"href":"https:\/\/gmg.sklep.pl\/index.php?rest_route=\/wp\/v2\/product\/3700","targetHints":{"allow":["GET"]}}],"collection":[{"href":"https:\/\/gmg.sklep.pl\/index.php?rest_route=\/wp\/v2\/product"}],"about":[{"href":"https:\/\/gmg.sklep.pl\/index.php?rest_route=\/wp\/v2\/types\/product"}],"replies":[{"embeddable":true,"href":"https:\/\/gmg.sklep.pl\/index.php?rest_route=%2Fwp%2Fv2%2Fcomments&post=3700"}],"version-history":[{"count":3,"href":"https:\/\/gmg.sklep.pl\/index.php?rest_route=\/wp\/v2\/product\/3700\/revisions"}],"predecessor-version":[{"id":3708,"href":"https:\/\/gmg.sklep.pl\/index.php?rest_route=\/wp\/v2\/product\/3700\/revisions\/3708"}],"wp:featuredmedia":[{"embeddable":true,"href":"https:\/\/gmg.sklep.pl\/index.php?rest_route=\/wp\/v2\/media\/3703"}],"wp:attachment":[{"href":"https:\/\/gmg.sklep.pl\/index.php?rest_route=%2Fwp%2Fv2%2Fmedia&parent=3700"}],"wp:term":[{"taxonomy":"product_brand","embeddable":true,"href":"https:\/\/gmg.sklep.pl\/index.php?rest_route=%2Fwp%2Fv2%2Fproduct_brand&post=3700"},{"taxonomy":"product_cat","embeddable":true,"href":"https:\/\/gmg.sklep.pl\/index.php?rest_route=%2Fwp%2Fv2%2Fproduct_cat&post=3700"},{"taxonomy":"product_tag","embeddable":true,"href":"https:\/\/gmg.sklep.pl\/index.php?rest_route=%2Fwp%2Fv2%2Fproduct_tag&post=3700"}],"curies":[{"name":"wp","href":"https:\/\/api.w.org\/{rel}","templated":true}]}}