{"id":3651,"date":"2023-04-12T11:59:18","date_gmt":"2023-04-12T09:59:18","guid":{"rendered":"https:\/\/gmg.sklep.pl\/?post_type=product&#038;p=3651"},"modified":"2023-04-12T12:09:02","modified_gmt":"2023-04-12T10:09:02","slug":"krzeslo-medyczne-2","status":"publish","type":"product","link":"https:\/\/gmg.sklep.pl\/?product=krzeslo-medyczne-2","title":{"rendered":"U-Kaden Low"},"content":{"rendered":"<p>Dla os\u00f3b, kt\u00f3re swoj\u0105 prac\u0119 wykonuj\u0105 w pozycji siedz\u0105cej w warunkach wymagaj\u0105cych utrzymania wysokiej higieny, proponujemy <strong>Krzes\u0142o medyczne U-Kaden Low<\/strong>. Z krzes\u0142a medycznego korzystaj\u0105 g\u0142\u00f3wnie pracownicy s\u0142u\u017cby zdrowia, ale jest to te\u017c wygodne siedzisko dla ka\u017cdego, komu zale\u017cy na estetycznych walorach. Krzes\u0142o specjalistyczne U-Kaden zapewnia pe\u0142n\u0105 regulacj\u0119 wysoko\u015bci siedziska, jak te\u017c komfortowe oparcie. Producent wykona\u0142 krzes\u0142o z tworzywa w bia\u0142ym kolorze, a siedzisko pokry\u0142 eko sk\u00f3r\u0105 odporn\u0105 na przetarcia, jednocze\u015bnie bardzo \u0142atw\u0105 w czyszczeniu. Ciekawym rozwi\u0105zaniem jest wyposa\u017cenie mocowania oparcia w solidny uchwyt do przestawiania fotela. Uchwyt mo\u017ce s\u0142u\u017cy\u0107 tak\u017ce jako wieszak. Dodatkowo krzes\u0142o medyczne posiada mechanizm balansuj\u0105cy 3D TILT. Podstawa jezdna tego fotela medycznego wykonana jest z mocnego tworzywa (nylon).<\/p>\n<p>&#8211; Regulacja wysoko\u015bci siedziska<br \/>\n&#8211; Oparcie wykonane z tworzywa pokryte pow\u0142ok\u0105 z polipropylenu <strong>w szarym lub zielonym kolorze<\/strong><br \/>\n&#8211; Konstrukcja krzes\u0142a wykonana z tworzywa w kolorze bia\u0142ym<br \/>\n&#8211; Mocowanie oparcia wyposa\u017cone jest w solidny uchwyt do przestawiania fotela, uchwyt mo\u017ce r\u00f3wnie\u017c s\u0142u\u017cy\u0107 jako wieszak<br \/>\n&#8211; <strong>Mechanizm balansuj\u0105cy<\/strong> 3D TILT<br \/>\n&#8211; Siedzisko tapicerowane eko-sk\u00f3r\u0105 PVC<br \/>\n&#8211; <strong>Podstawa jezdna<\/strong> wykonana z mocnego tworzywa (nylon)<br \/>\n&#8211; 2 lata gwarancji<br \/>\n&#8211; Maksymalne obci\u0105\u017cenie 130 kg<\/p>\n<p>Krzes\u0142o do samodzielnego, \u0142atwego monta\u017cu.<\/p>\n<p>Przy sk\u0142adaniu zam\u00f3wienia prosimy o podanie koloru oparcia.<\/p>\n","protected":false},"excerpt":{"rendered":"<p>Krzes\u0142o medyczne U-Kaden Low<\/p>\n","protected":false},"featured_media":3653,"comment_status":"open","ping_status":"closed","template":"","meta":{"site-sidebar-layout":"default","site-content-layout":"default","ast-global-header-display":"","ast-main-header-display":"","ast-hfb-above-header-display":"","ast-hfb-below-header-display":"","ast-hfb-mobile-header-display":"","site-post-title":"","ast-breadcrumbs-content":"","ast-featured-img":"","footer-sml-layout":"","theme-transparent-header-meta":"default","adv-header-id-meta":"","stick-header-meta":"","header-above-stick-meta":"","header-main-stick-meta":"","header-below-stick-meta":""},"product_brand":[],"product_cat":[91],"product_tag":[95,94],"class_list":{"0":"post-3651","1":"product","2":"type-product","3":"status-publish","4":"has-post-thumbnail","6":"product_cat-specjalistyczne","7":"product_tag-krzeslo-medyczne","8":"product_tag-krzeslo-specjalistyczne","10":"first","11":"instock","12":"shipping-taxable","13":"purchasable","14":"product-type-simple"},"yoast_head":"<!-- This site is optimized with the Yoast SEO plugin v25.9 - https:\/\/yoast.com\/wordpress\/plugins\/seo\/ -->\n<title>U-Kaden Low -<\/title>\n<meta name=\"description\" content=\"krzes\u0142o medyczne\" \/>\n<meta name=\"robots\" content=\"index, follow, max-snippet:-1, max-image-preview:large, max-video-preview:-1\" \/>\n<link rel=\"canonical\" href=\"https:\/\/gmg.sklep.pl\/?product=krzeslo-medyczne-2\" \/>\n<meta property=\"og:locale\" content=\"pl_PL\" \/>\n<meta property=\"og:type\" content=\"article\" \/>\n<meta property=\"og:title\" content=\"U-Kaden Low -\" \/>\n<meta property=\"og:description\" content=\"krzes\u0142o medyczne\" \/>\n<meta property=\"og:url\" content=\"https:\/\/gmg.sklep.pl\/?product=krzeslo-medyczne-2\" \/>\n<meta property=\"article:modified_time\" content=\"2023-04-12T10:09:02+00:00\" \/>\n<meta property=\"og:image\" content=\"https:\/\/gmg.sklep.pl\/wp-content\/uploads\/2023\/04\/u-kaden-low-szary.png\" \/>\n\t<meta property=\"og:image:width\" content=\"1200\" \/>\n\t<meta property=\"og:image:height\" content=\"1200\" \/>\n\t<meta property=\"og:image:type\" content=\"image\/png\" \/>\n<meta name=\"twitter:card\" content=\"summary_large_image\" \/>\n<meta name=\"twitter:label1\" content=\"Szacowany czas czytania\" \/>\n\t<meta name=\"twitter:data1\" content=\"1 minuta\" \/>\n<script type=\"application\/ld+json\" class=\"yoast-schema-graph\">{\"@context\":\"https:\/\/schema.org\",\"@graph\":[{\"@type\":\"WebPage\",\"@id\":\"https:\/\/gmg.sklep.pl\/?product=krzeslo-medyczne-2\",\"url\":\"https:\/\/gmg.sklep.pl\/?product=krzeslo-medyczne-2\",\"name\":\"U-Kaden Low -\",\"isPartOf\":{\"@id\":\"https:\/\/gmg.sklep.pl\/#website\"},\"primaryImageOfPage\":{\"@id\":\"https:\/\/gmg.sklep.pl\/?product=krzeslo-medyczne-2#primaryimage\"},\"image\":{\"@id\":\"https:\/\/gmg.sklep.pl\/?product=krzeslo-medyczne-2#primaryimage\"},\"thumbnailUrl\":\"https:\/\/gmg.sklep.pl\/wp-content\/uploads\/2023\/04\/u-kaden-low-szary.png\",\"datePublished\":\"2023-04-12T09:59:18+00:00\",\"dateModified\":\"2023-04-12T10:09:02+00:00\",\"description\":\"krzes\u0142o medyczne\",\"breadcrumb\":{\"@id\":\"https:\/\/gmg.sklep.pl\/?product=krzeslo-medyczne-2#breadcrumb\"},\"inLanguage\":\"pl-PL\",\"potentialAction\":[{\"@type\":\"ReadAction\",\"target\":[\"https:\/\/gmg.sklep.pl\/?product=krzeslo-medyczne-2\"]}]},{\"@type\":\"ImageObject\",\"inLanguage\":\"pl-PL\",\"@id\":\"https:\/\/gmg.sklep.pl\/?product=krzeslo-medyczne-2#primaryimage\",\"url\":\"https:\/\/gmg.sklep.pl\/wp-content\/uploads\/2023\/04\/u-kaden-low-szary.png\",\"contentUrl\":\"https:\/\/gmg.sklep.pl\/wp-content\/uploads\/2023\/04\/u-kaden-low-szary.png\",\"width\":1200,\"height\":1200,\"caption\":\"Krzes\u0142o medyczne\"},{\"@type\":\"BreadcrumbList\",\"@id\":\"https:\/\/gmg.sklep.pl\/?product=krzeslo-medyczne-2#breadcrumb\",\"itemListElement\":[{\"@type\":\"ListItem\",\"position\":1,\"name\":\"Strona g\u0142\u00f3wna\",\"item\":\"https:\/\/gmg.sklep.pl\/\"},{\"@type\":\"ListItem\",\"position\":2,\"name\":\"Sklep\",\"item\":\"https:\/\/gmg.sklep.pl\/?page_id=38\"},{\"@type\":\"ListItem\",\"position\":3,\"name\":\"U-Kaden Low\"}]},{\"@type\":\"WebSite\",\"@id\":\"https:\/\/gmg.sklep.pl\/#website\",\"url\":\"https:\/\/gmg.sklep.pl\/\",\"name\":\"\",\"description\":\"Fotele, krzes\u0142a i inne\",\"potentialAction\":[{\"@type\":\"SearchAction\",\"target\":{\"@type\":\"EntryPoint\",\"urlTemplate\":\"https:\/\/gmg.sklep.pl\/?s={search_term_string}\"},\"query-input\":{\"@type\":\"PropertyValueSpecification\",\"valueRequired\":true,\"valueName\":\"search_term_string\"}}],\"inLanguage\":\"pl-PL\"}]}<\/script>\n<!-- \/ Yoast SEO plugin. -->","yoast_head_json":{"title":"U-Kaden Low -","description":"krzes\u0142o medyczne","robots":{"index":"index","follow":"follow","max-snippet":"max-snippet:-1","max-image-preview":"max-image-preview:large","max-video-preview":"max-video-preview:-1"},"canonical":"https:\/\/gmg.sklep.pl\/?product=krzeslo-medyczne-2","og_locale":"pl_PL","og_type":"article","og_title":"U-Kaden Low -","og_description":"krzes\u0142o medyczne","og_url":"https:\/\/gmg.sklep.pl\/?product=krzeslo-medyczne-2","article_modified_time":"2023-04-12T10:09:02+00:00","og_image":[{"width":1200,"height":1200,"url":"https:\/\/gmg.sklep.pl\/wp-content\/uploads\/2023\/04\/u-kaden-low-szary.png","type":"image\/png"}],"twitter_card":"summary_large_image","twitter_misc":{"Szacowany czas czytania":"1 minuta"},"schema":{"@context":"https:\/\/schema.org","@graph":[{"@type":"WebPage","@id":"https:\/\/gmg.sklep.pl\/?product=krzeslo-medyczne-2","url":"https:\/\/gmg.sklep.pl\/?product=krzeslo-medyczne-2","name":"U-Kaden Low -","isPartOf":{"@id":"https:\/\/gmg.sklep.pl\/#website"},"primaryImageOfPage":{"@id":"https:\/\/gmg.sklep.pl\/?product=krzeslo-medyczne-2#primaryimage"},"image":{"@id":"https:\/\/gmg.sklep.pl\/?product=krzeslo-medyczne-2#primaryimage"},"thumbnailUrl":"https:\/\/gmg.sklep.pl\/wp-content\/uploads\/2023\/04\/u-kaden-low-szary.png","datePublished":"2023-04-12T09:59:18+00:00","dateModified":"2023-04-12T10:09:02+00:00","description":"krzes\u0142o medyczne","breadcrumb":{"@id":"https:\/\/gmg.sklep.pl\/?product=krzeslo-medyczne-2#breadcrumb"},"inLanguage":"pl-PL","potentialAction":[{"@type":"ReadAction","target":["https:\/\/gmg.sklep.pl\/?product=krzeslo-medyczne-2"]}]},{"@type":"ImageObject","inLanguage":"pl-PL","@id":"https:\/\/gmg.sklep.pl\/?product=krzeslo-medyczne-2#primaryimage","url":"https:\/\/gmg.sklep.pl\/wp-content\/uploads\/2023\/04\/u-kaden-low-szary.png","contentUrl":"https:\/\/gmg.sklep.pl\/wp-content\/uploads\/2023\/04\/u-kaden-low-szary.png","width":1200,"height":1200,"caption":"Krzes\u0142o medyczne"},{"@type":"BreadcrumbList","@id":"https:\/\/gmg.sklep.pl\/?product=krzeslo-medyczne-2#breadcrumb","itemListElement":[{"@type":"ListItem","position":1,"name":"Strona g\u0142\u00f3wna","item":"https:\/\/gmg.sklep.pl\/"},{"@type":"ListItem","position":2,"name":"Sklep","item":"https:\/\/gmg.sklep.pl\/?page_id=38"},{"@type":"ListItem","position":3,"name":"U-Kaden Low"}]},{"@type":"WebSite","@id":"https:\/\/gmg.sklep.pl\/#website","url":"https:\/\/gmg.sklep.pl\/","name":"","description":"Fotele, krzes\u0142a i inne","potentialAction":[{"@type":"SearchAction","target":{"@type":"EntryPoint","urlTemplate":"https:\/\/gmg.sklep.pl\/?s={search_term_string}"},"query-input":{"@type":"PropertyValueSpecification","valueRequired":true,"valueName":"search_term_string"}}],"inLanguage":"pl-PL"}]}},"_links":{"self":[{"href":"https:\/\/gmg.sklep.pl\/index.php?rest_route=\/wp\/v2\/product\/3651","targetHints":{"allow":["GET"]}}],"collection":[{"href":"https:\/\/gmg.sklep.pl\/index.php?rest_route=\/wp\/v2\/product"}],"about":[{"href":"https:\/\/gmg.sklep.pl\/index.php?rest_route=\/wp\/v2\/types\/product"}],"replies":[{"embeddable":true,"href":"https:\/\/gmg.sklep.pl\/index.php?rest_route=%2Fwp%2Fv2%2Fcomments&post=3651"}],"version-history":[{"count":1,"href":"https:\/\/gmg.sklep.pl\/index.php?rest_route=\/wp\/v2\/product\/3651\/revisions"}],"predecessor-version":[{"id":3658,"href":"https:\/\/gmg.sklep.pl\/index.php?rest_route=\/wp\/v2\/product\/3651\/revisions\/3658"}],"wp:featuredmedia":[{"embeddable":true,"href":"https:\/\/gmg.sklep.pl\/index.php?rest_route=\/wp\/v2\/media\/3653"}],"wp:attachment":[{"href":"https:\/\/gmg.sklep.pl\/index.php?rest_route=%2Fwp%2Fv2%2Fmedia&parent=3651"}],"wp:term":[{"taxonomy":"product_brand","embeddable":true,"href":"https:\/\/gmg.sklep.pl\/index.php?rest_route=%2Fwp%2Fv2%2Fproduct_brand&post=3651"},{"taxonomy":"product_cat","embeddable":true,"href":"https:\/\/gmg.sklep.pl\/index.php?rest_route=%2Fwp%2Fv2%2Fproduct_cat&post=3651"},{"taxonomy":"product_tag","embeddable":true,"href":"https:\/\/gmg.sklep.pl\/index.php?rest_route=%2Fwp%2Fv2%2Fproduct_tag&post=3651"}],"curies":[{"name":"wp","href":"https:\/\/api.w.org\/{rel}","templated":true}]}}