{"id":3591,"date":"2022-12-13T14:14:36","date_gmt":"2022-12-13T13:14:36","guid":{"rendered":"https:\/\/gmg.sklep.pl\/?post_type=product&#038;p=3591"},"modified":"2022-12-13T15:41:08","modified_gmt":"2022-12-13T14:41:08","slug":"fotel-dzieciecy-2","status":"publish","type":"product","link":"https:\/\/gmg.sklep.pl\/?product=fotel-dzieciecy-2","title":{"rendered":"U-Gabby"},"content":{"rendered":"<p>Fotel dzieci\u0119cy w kolorze r\u00f3\u017cowym i niebieskim, <strong>z pod\u0142okietnikami<\/strong>. Dedykowany dla dzieci w wieku 4-12 lat. Fotel, kt\u00f3ry ro\u015bnie razem z dzieckiem!!!<\/p>\n<p>&#8211; <strong>Regulacja g\u0142\u0119boko\u015bci i wysoko\u015bci siedziska<\/strong><br \/>\n&#8211; Regulacja wysoko\u015bci oparcia<br \/>\n&#8211; Pokrowce na oparcie i siedzisko, kt\u00f3re s\u0105 \u0142atwe w utrzymaniu czysto\u015bci<br \/>\n&#8211; K\u00f3\u0142ka z hamulcem, k\u00f3\u0142ka nie obracaj\u0105 si\u0119 pod ci\u0119\u017carem, gdy u\u017cytkownik nie siedzi na fotelu hamulec jest zwalniany<br \/>\n&#8211; Solidna podstawa wykonana z nylonu<br \/>\n&#8211; Mi\u0119kkie k\u00f3\u0142ka do twardych powierzchni<br \/>\n&#8211; 2 lata gwarancji<br \/>\n&#8211; Maksymalne obci\u0105\u017cenie 100 kg<\/p>\n<p>Wymiary: wysoko\u015b\u0107: 76-94 cm, szeroko\u015b\u0107: 57 cm, g\u0142\u0119boko\u015b\u0107: 32-40 cm.<\/p>\n<p>Termin realizacji: 2-3 dni robocze.<\/p>\n<p>Samodzielny, \u0142atwy monta\u017c!<\/p>\n<p>W zam\u00f3wieniu prosimy dopisa\u0107 wybrany kolor \ud83d\ude42<\/p>\n","protected":false},"excerpt":{"rendered":"<p>Fotel dzieci\u0119cy<\/p>\n","protected":false},"featured_media":3592,"comment_status":"open","ping_status":"closed","template":"","meta":{"site-sidebar-layout":"default","site-content-layout":"default","ast-global-header-display":"","ast-main-header-display":"","ast-hfb-above-header-display":"","ast-hfb-below-header-display":"","ast-hfb-mobile-header-display":"","site-post-title":"","ast-breadcrumbs-content":"","ast-featured-img":"","footer-sml-layout":"","theme-transparent-header-meta":"default","adv-header-id-meta":"","stick-header-meta":"","header-above-stick-meta":"","header-main-stick-meta":"","header-below-stick-meta":""},"product_brand":[],"product_cat":[85],"product_tag":[87],"class_list":{"0":"post-3591","1":"product","2":"type-product","3":"status-publish","4":"has-post-thumbnail","6":"product_cat-dzieciece","7":"product_tag-fotel-dzieciecy","9":"first","10":"instock","11":"shipping-taxable","12":"purchasable","13":"product-type-simple"},"yoast_head":"<!-- This site is optimized with the Yoast SEO plugin v25.9 - https:\/\/yoast.com\/wordpress\/plugins\/seo\/ -->\n<title>U-Gabby -<\/title>\n<meta name=\"description\" content=\"R\u00f3\u017cowy i niebieski fotel dzieci\u0119cy\" \/>\n<meta name=\"robots\" content=\"index, follow, max-snippet:-1, max-image-preview:large, max-video-preview:-1\" \/>\n<link rel=\"canonical\" href=\"https:\/\/gmg.sklep.pl\/?product=fotel-dzieciecy-2\" \/>\n<meta property=\"og:locale\" content=\"pl_PL\" \/>\n<meta property=\"og:type\" content=\"article\" \/>\n<meta property=\"og:title\" content=\"U-Gabby -\" \/>\n<meta property=\"og:description\" content=\"R\u00f3\u017cowy i niebieski fotel dzieci\u0119cy\" \/>\n<meta property=\"og:url\" content=\"https:\/\/gmg.sklep.pl\/?product=fotel-dzieciecy-2\" \/>\n<meta property=\"article:modified_time\" content=\"2022-12-13T14:41:08+00:00\" \/>\n<meta property=\"og:image\" content=\"https:\/\/gmg.sklep.pl\/wp-content\/uploads\/2022\/12\/fotel-dzieciecy-gabby-pp.png\" \/>\n\t<meta property=\"og:image:width\" content=\"1200\" \/>\n\t<meta property=\"og:image:height\" content=\"1200\" \/>\n\t<meta property=\"og:image:type\" content=\"image\/png\" \/>\n<meta name=\"twitter:card\" content=\"summary_large_image\" \/>\n<meta name=\"twitter:label1\" content=\"Szacowany czas czytania\" \/>\n\t<meta name=\"twitter:data1\" content=\"1 minuta\" \/>\n<script type=\"application\/ld+json\" class=\"yoast-schema-graph\">{\"@context\":\"https:\/\/schema.org\",\"@graph\":[{\"@type\":\"WebPage\",\"@id\":\"https:\/\/gmg.sklep.pl\/?product=fotel-dzieciecy-2\",\"url\":\"https:\/\/gmg.sklep.pl\/?product=fotel-dzieciecy-2\",\"name\":\"U-Gabby -\",\"isPartOf\":{\"@id\":\"https:\/\/gmg.sklep.pl\/#website\"},\"primaryImageOfPage\":{\"@id\":\"https:\/\/gmg.sklep.pl\/?product=fotel-dzieciecy-2#primaryimage\"},\"image\":{\"@id\":\"https:\/\/gmg.sklep.pl\/?product=fotel-dzieciecy-2#primaryimage\"},\"thumbnailUrl\":\"https:\/\/gmg.sklep.pl\/wp-content\/uploads\/2022\/12\/fotel-dzieciecy-gabby-pp.png\",\"datePublished\":\"2022-12-13T13:14:36+00:00\",\"dateModified\":\"2022-12-13T14:41:08+00:00\",\"description\":\"R\u00f3\u017cowy i niebieski fotel dzieci\u0119cy\",\"breadcrumb\":{\"@id\":\"https:\/\/gmg.sklep.pl\/?product=fotel-dzieciecy-2#breadcrumb\"},\"inLanguage\":\"pl-PL\",\"potentialAction\":[{\"@type\":\"ReadAction\",\"target\":[\"https:\/\/gmg.sklep.pl\/?product=fotel-dzieciecy-2\"]}]},{\"@type\":\"ImageObject\",\"inLanguage\":\"pl-PL\",\"@id\":\"https:\/\/gmg.sklep.pl\/?product=fotel-dzieciecy-2#primaryimage\",\"url\":\"https:\/\/gmg.sklep.pl\/wp-content\/uploads\/2022\/12\/fotel-dzieciecy-gabby-pp.png\",\"contentUrl\":\"https:\/\/gmg.sklep.pl\/wp-content\/uploads\/2022\/12\/fotel-dzieciecy-gabby-pp.png\",\"width\":1200,\"height\":1200,\"caption\":\"Fotel dzieci\u0119cy\"},{\"@type\":\"BreadcrumbList\",\"@id\":\"https:\/\/gmg.sklep.pl\/?product=fotel-dzieciecy-2#breadcrumb\",\"itemListElement\":[{\"@type\":\"ListItem\",\"position\":1,\"name\":\"Strona g\u0142\u00f3wna\",\"item\":\"https:\/\/gmg.sklep.pl\/\"},{\"@type\":\"ListItem\",\"position\":2,\"name\":\"Sklep\",\"item\":\"https:\/\/gmg.sklep.pl\/?page_id=38\"},{\"@type\":\"ListItem\",\"position\":3,\"name\":\"U-Gabby\"}]},{\"@type\":\"WebSite\",\"@id\":\"https:\/\/gmg.sklep.pl\/#website\",\"url\":\"https:\/\/gmg.sklep.pl\/\",\"name\":\"\",\"description\":\"Fotele, krzes\u0142a i inne\",\"potentialAction\":[{\"@type\":\"SearchAction\",\"target\":{\"@type\":\"EntryPoint\",\"urlTemplate\":\"https:\/\/gmg.sklep.pl\/?s={search_term_string}\"},\"query-input\":{\"@type\":\"PropertyValueSpecification\",\"valueRequired\":true,\"valueName\":\"search_term_string\"}}],\"inLanguage\":\"pl-PL\"}]}<\/script>\n<!-- \/ Yoast SEO plugin. -->","yoast_head_json":{"title":"U-Gabby -","description":"R\u00f3\u017cowy i niebieski fotel dzieci\u0119cy","robots":{"index":"index","follow":"follow","max-snippet":"max-snippet:-1","max-image-preview":"max-image-preview:large","max-video-preview":"max-video-preview:-1"},"canonical":"https:\/\/gmg.sklep.pl\/?product=fotel-dzieciecy-2","og_locale":"pl_PL","og_type":"article","og_title":"U-Gabby -","og_description":"R\u00f3\u017cowy i niebieski fotel dzieci\u0119cy","og_url":"https:\/\/gmg.sklep.pl\/?product=fotel-dzieciecy-2","article_modified_time":"2022-12-13T14:41:08+00:00","og_image":[{"width":1200,"height":1200,"url":"https:\/\/gmg.sklep.pl\/wp-content\/uploads\/2022\/12\/fotel-dzieciecy-gabby-pp.png","type":"image\/png"}],"twitter_card":"summary_large_image","twitter_misc":{"Szacowany czas czytania":"1 minuta"},"schema":{"@context":"https:\/\/schema.org","@graph":[{"@type":"WebPage","@id":"https:\/\/gmg.sklep.pl\/?product=fotel-dzieciecy-2","url":"https:\/\/gmg.sklep.pl\/?product=fotel-dzieciecy-2","name":"U-Gabby -","isPartOf":{"@id":"https:\/\/gmg.sklep.pl\/#website"},"primaryImageOfPage":{"@id":"https:\/\/gmg.sklep.pl\/?product=fotel-dzieciecy-2#primaryimage"},"image":{"@id":"https:\/\/gmg.sklep.pl\/?product=fotel-dzieciecy-2#primaryimage"},"thumbnailUrl":"https:\/\/gmg.sklep.pl\/wp-content\/uploads\/2022\/12\/fotel-dzieciecy-gabby-pp.png","datePublished":"2022-12-13T13:14:36+00:00","dateModified":"2022-12-13T14:41:08+00:00","description":"R\u00f3\u017cowy i niebieski fotel dzieci\u0119cy","breadcrumb":{"@id":"https:\/\/gmg.sklep.pl\/?product=fotel-dzieciecy-2#breadcrumb"},"inLanguage":"pl-PL","potentialAction":[{"@type":"ReadAction","target":["https:\/\/gmg.sklep.pl\/?product=fotel-dzieciecy-2"]}]},{"@type":"ImageObject","inLanguage":"pl-PL","@id":"https:\/\/gmg.sklep.pl\/?product=fotel-dzieciecy-2#primaryimage","url":"https:\/\/gmg.sklep.pl\/wp-content\/uploads\/2022\/12\/fotel-dzieciecy-gabby-pp.png","contentUrl":"https:\/\/gmg.sklep.pl\/wp-content\/uploads\/2022\/12\/fotel-dzieciecy-gabby-pp.png","width":1200,"height":1200,"caption":"Fotel dzieci\u0119cy"},{"@type":"BreadcrumbList","@id":"https:\/\/gmg.sklep.pl\/?product=fotel-dzieciecy-2#breadcrumb","itemListElement":[{"@type":"ListItem","position":1,"name":"Strona g\u0142\u00f3wna","item":"https:\/\/gmg.sklep.pl\/"},{"@type":"ListItem","position":2,"name":"Sklep","item":"https:\/\/gmg.sklep.pl\/?page_id=38"},{"@type":"ListItem","position":3,"name":"U-Gabby"}]},{"@type":"WebSite","@id":"https:\/\/gmg.sklep.pl\/#website","url":"https:\/\/gmg.sklep.pl\/","name":"","description":"Fotele, krzes\u0142a i inne","potentialAction":[{"@type":"SearchAction","target":{"@type":"EntryPoint","urlTemplate":"https:\/\/gmg.sklep.pl\/?s={search_term_string}"},"query-input":{"@type":"PropertyValueSpecification","valueRequired":true,"valueName":"search_term_string"}}],"inLanguage":"pl-PL"}]}},"_links":{"self":[{"href":"https:\/\/gmg.sklep.pl\/index.php?rest_route=\/wp\/v2\/product\/3591","targetHints":{"allow":["GET"]}}],"collection":[{"href":"https:\/\/gmg.sklep.pl\/index.php?rest_route=\/wp\/v2\/product"}],"about":[{"href":"https:\/\/gmg.sklep.pl\/index.php?rest_route=\/wp\/v2\/types\/product"}],"replies":[{"embeddable":true,"href":"https:\/\/gmg.sklep.pl\/index.php?rest_route=%2Fwp%2Fv2%2Fcomments&post=3591"}],"version-history":[{"count":2,"href":"https:\/\/gmg.sklep.pl\/index.php?rest_route=\/wp\/v2\/product\/3591\/revisions"}],"predecessor-version":[{"id":3660,"href":"https:\/\/gmg.sklep.pl\/index.php?rest_route=\/wp\/v2\/product\/3591\/revisions\/3660"}],"wp:featuredmedia":[{"embeddable":true,"href":"https:\/\/gmg.sklep.pl\/index.php?rest_route=\/wp\/v2\/media\/3592"}],"wp:attachment":[{"href":"https:\/\/gmg.sklep.pl\/index.php?rest_route=%2Fwp%2Fv2%2Fmedia&parent=3591"}],"wp:term":[{"taxonomy":"product_brand","embeddable":true,"href":"https:\/\/gmg.sklep.pl\/index.php?rest_route=%2Fwp%2Fv2%2Fproduct_brand&post=3591"},{"taxonomy":"product_cat","embeddable":true,"href":"https:\/\/gmg.sklep.pl\/index.php?rest_route=%2Fwp%2Fv2%2Fproduct_cat&post=3591"},{"taxonomy":"product_tag","embeddable":true,"href":"https:\/\/gmg.sklep.pl\/index.php?rest_route=%2Fwp%2Fv2%2Fproduct_tag&post=3591"}],"curies":[{"name":"wp","href":"https:\/\/api.w.org\/{rel}","templated":true}]}}