{"id":3556,"date":"2022-11-15T15:18:43","date_gmt":"2022-11-15T14:18:43","guid":{"rendered":"https:\/\/gmg.sklep.pl\/?post_type=product&#038;p=3556"},"modified":"2023-02-06T13:33:49","modified_gmt":"2023-02-06T12:33:49","slug":"krzeslo-5","status":"publish","type":"product","link":"https:\/\/gmg.sklep.pl\/?product=krzeslo-5","title":{"rendered":"U-Exeter"},"content":{"rendered":"<div id=\"more\" class=\"p-product__text\">\n<p><strong>Ergonomiczne krzes\u0142o U-Exeter<\/strong> to idealne rozwi\u0105zanie dla wszystkich os\u00f3b, potrzebuj\u0105cych wygodnego siedziska. Nowoczesny i stylowy design przypadnie do gustu nawet tym wybrednym u\u017cytkownikom.<\/p>\n<div id=\"more\" class=\"p-product__text\">\n<div id=\"more\" class=\"p-product__text\">\n<p>\u00a0&#8211; Regulacja wysoko\u015bci zag\u0142\u00f3wka<br \/>\n&#8211; Regulacja wysoko\u015bci siedziska<br \/>\n&#8211; Regulacja 3D pod\u0142okietnik\u00f3w (g\u00f3ra-d\u00f3\u0142, prz\u00f3d-ty\u0142, wychylenie na boki)<br \/>\n&#8211; Regulacja wysoko\u015bci oparcia dla kr\u0119g\u00f3w l\u0119d\u017awiowych<br \/>\n&#8211; Samowa\u017c\u0105cy mechanizm odchylania SYNCHRON, blokada w 3 pozycjach<br \/>\n&#8211; Zag\u0142\u00f3wek i oparcie tapicerowane siatk\u0105<br \/>\n&#8211; Siedzisko tapicerowane tkanin\u0105 materia\u0142ow\u0105<br \/>\n&#8211; Podstawa jezdna wykonana z mocnego tworzywa (nylon)<br \/>\n&#8211; 2 lata gwarancji<br \/>\n&#8211; Maksymalne obci\u0105\u017cenie 130 kg<\/p>\n<\/div>\n<\/div>\n<p>Fotel do samodzielnego, \u0142atwego monta\u017cu!<\/p>\n<p>Wysy\u0142ka w 2-3 dni robocze.<\/p>\n<\/div>\n","protected":false},"excerpt":{"rendered":"<p>Ergonomiczne krzes\u0142o obrotowe z zag\u0142\u00f3wkiem<\/p>\n","protected":false},"featured_media":3557,"comment_status":"open","ping_status":"closed","template":"","meta":{"site-sidebar-layout":"default","site-content-layout":"default","ast-global-header-display":"","ast-main-header-display":"","ast-hfb-above-header-display":"","ast-hfb-below-header-display":"","ast-hfb-mobile-header-display":"","site-post-title":"","ast-breadcrumbs-content":"","ast-featured-img":"","footer-sml-layout":"","theme-transparent-header-meta":"default","adv-header-id-meta":"","stick-header-meta":"","header-above-stick-meta":"","header-main-stick-meta":"","header-below-stick-meta":""},"product_brand":[],"product_cat":[40],"product_tag":[57],"class_list":{"0":"post-3556","1":"product","2":"type-product","3":"status-publish","4":"has-post-thumbnail","6":"product_cat-fotele","7":"product_tag-krzeslo","9":"first","10":"onbackorder","11":"sale","12":"shipping-taxable","13":"purchasable","14":"product-type-simple"},"yoast_head":"<!-- This site is optimized with the Yoast SEO plugin v25.9 - https:\/\/yoast.com\/wordpress\/plugins\/seo\/ -->\n<title>krzes\u0142o U-Exeter<\/title>\n<meta name=\"description\" content=\"krzes\u0142o U-Exeter\" \/>\n<meta name=\"robots\" content=\"index, follow, max-snippet:-1, max-image-preview:large, max-video-preview:-1\" \/>\n<link rel=\"canonical\" href=\"https:\/\/gmg.sklep.pl\/?product=krzeslo-5\" \/>\n<meta property=\"og:locale\" content=\"pl_PL\" \/>\n<meta property=\"og:type\" content=\"article\" \/>\n<meta property=\"og:title\" content=\"krzes\u0142o U-Exeter\" \/>\n<meta property=\"og:description\" content=\"krzes\u0142o U-Exeter\" \/>\n<meta property=\"og:url\" content=\"https:\/\/gmg.sklep.pl\/?product=krzeslo-5\" \/>\n<meta property=\"article:modified_time\" content=\"2023-02-06T12:33:49+00:00\" \/>\n<meta property=\"og:image\" content=\"https:\/\/gmg.sklep.pl\/wp-content\/uploads\/2022\/11\/krzeslo-obrotowe-exeter.png\" \/>\n\t<meta property=\"og:image:width\" content=\"1200\" \/>\n\t<meta property=\"og:image:height\" content=\"1200\" \/>\n\t<meta property=\"og:image:type\" content=\"image\/png\" \/>\n<meta name=\"twitter:card\" content=\"summary_large_image\" \/>\n<meta name=\"twitter:label1\" content=\"Szacowany czas czytania\" \/>\n\t<meta name=\"twitter:data1\" content=\"1 minuta\" \/>\n<script type=\"application\/ld+json\" class=\"yoast-schema-graph\">{\"@context\":\"https:\/\/schema.org\",\"@graph\":[{\"@type\":\"WebPage\",\"@id\":\"https:\/\/gmg.sklep.pl\/?product=krzeslo-5\",\"url\":\"https:\/\/gmg.sklep.pl\/?product=krzeslo-5\",\"name\":\"krzes\u0142o U-Exeter\",\"isPartOf\":{\"@id\":\"https:\/\/gmg.sklep.pl\/#website\"},\"primaryImageOfPage\":{\"@id\":\"https:\/\/gmg.sklep.pl\/?product=krzeslo-5#primaryimage\"},\"image\":{\"@id\":\"https:\/\/gmg.sklep.pl\/?product=krzeslo-5#primaryimage\"},\"thumbnailUrl\":\"https:\/\/gmg.sklep.pl\/wp-content\/uploads\/2022\/11\/krzeslo-obrotowe-exeter.png\",\"datePublished\":\"2022-11-15T14:18:43+00:00\",\"dateModified\":\"2023-02-06T12:33:49+00:00\",\"description\":\"krzes\u0142o U-Exeter\",\"breadcrumb\":{\"@id\":\"https:\/\/gmg.sklep.pl\/?product=krzeslo-5#breadcrumb\"},\"inLanguage\":\"pl-PL\",\"potentialAction\":[{\"@type\":\"ReadAction\",\"target\":[\"https:\/\/gmg.sklep.pl\/?product=krzeslo-5\"]}]},{\"@type\":\"ImageObject\",\"inLanguage\":\"pl-PL\",\"@id\":\"https:\/\/gmg.sklep.pl\/?product=krzeslo-5#primaryimage\",\"url\":\"https:\/\/gmg.sklep.pl\/wp-content\/uploads\/2022\/11\/krzeslo-obrotowe-exeter.png\",\"contentUrl\":\"https:\/\/gmg.sklep.pl\/wp-content\/uploads\/2022\/11\/krzeslo-obrotowe-exeter.png\",\"width\":1200,\"height\":1200,\"caption\":\"krzes\u0142o obrotowe\"},{\"@type\":\"BreadcrumbList\",\"@id\":\"https:\/\/gmg.sklep.pl\/?product=krzeslo-5#breadcrumb\",\"itemListElement\":[{\"@type\":\"ListItem\",\"position\":1,\"name\":\"Strona g\u0142\u00f3wna\",\"item\":\"https:\/\/gmg.sklep.pl\/\"},{\"@type\":\"ListItem\",\"position\":2,\"name\":\"Sklep\",\"item\":\"https:\/\/gmg.sklep.pl\/?page_id=38\"},{\"@type\":\"ListItem\",\"position\":3,\"name\":\"U-Exeter\"}]},{\"@type\":\"WebSite\",\"@id\":\"https:\/\/gmg.sklep.pl\/#website\",\"url\":\"https:\/\/gmg.sklep.pl\/\",\"name\":\"\",\"description\":\"Fotele, krzes\u0142a i inne\",\"potentialAction\":[{\"@type\":\"SearchAction\",\"target\":{\"@type\":\"EntryPoint\",\"urlTemplate\":\"https:\/\/gmg.sklep.pl\/?s={search_term_string}\"},\"query-input\":{\"@type\":\"PropertyValueSpecification\",\"valueRequired\":true,\"valueName\":\"search_term_string\"}}],\"inLanguage\":\"pl-PL\"}]}<\/script>\n<!-- \/ Yoast SEO plugin. -->","yoast_head_json":{"title":"krzes\u0142o U-Exeter","description":"krzes\u0142o U-Exeter","robots":{"index":"index","follow":"follow","max-snippet":"max-snippet:-1","max-image-preview":"max-image-preview:large","max-video-preview":"max-video-preview:-1"},"canonical":"https:\/\/gmg.sklep.pl\/?product=krzeslo-5","og_locale":"pl_PL","og_type":"article","og_title":"krzes\u0142o U-Exeter","og_description":"krzes\u0142o U-Exeter","og_url":"https:\/\/gmg.sklep.pl\/?product=krzeslo-5","article_modified_time":"2023-02-06T12:33:49+00:00","og_image":[{"width":1200,"height":1200,"url":"https:\/\/gmg.sklep.pl\/wp-content\/uploads\/2022\/11\/krzeslo-obrotowe-exeter.png","type":"image\/png"}],"twitter_card":"summary_large_image","twitter_misc":{"Szacowany czas czytania":"1 minuta"},"schema":{"@context":"https:\/\/schema.org","@graph":[{"@type":"WebPage","@id":"https:\/\/gmg.sklep.pl\/?product=krzeslo-5","url":"https:\/\/gmg.sklep.pl\/?product=krzeslo-5","name":"krzes\u0142o U-Exeter","isPartOf":{"@id":"https:\/\/gmg.sklep.pl\/#website"},"primaryImageOfPage":{"@id":"https:\/\/gmg.sklep.pl\/?product=krzeslo-5#primaryimage"},"image":{"@id":"https:\/\/gmg.sklep.pl\/?product=krzeslo-5#primaryimage"},"thumbnailUrl":"https:\/\/gmg.sklep.pl\/wp-content\/uploads\/2022\/11\/krzeslo-obrotowe-exeter.png","datePublished":"2022-11-15T14:18:43+00:00","dateModified":"2023-02-06T12:33:49+00:00","description":"krzes\u0142o U-Exeter","breadcrumb":{"@id":"https:\/\/gmg.sklep.pl\/?product=krzeslo-5#breadcrumb"},"inLanguage":"pl-PL","potentialAction":[{"@type":"ReadAction","target":["https:\/\/gmg.sklep.pl\/?product=krzeslo-5"]}]},{"@type":"ImageObject","inLanguage":"pl-PL","@id":"https:\/\/gmg.sklep.pl\/?product=krzeslo-5#primaryimage","url":"https:\/\/gmg.sklep.pl\/wp-content\/uploads\/2022\/11\/krzeslo-obrotowe-exeter.png","contentUrl":"https:\/\/gmg.sklep.pl\/wp-content\/uploads\/2022\/11\/krzeslo-obrotowe-exeter.png","width":1200,"height":1200,"caption":"krzes\u0142o obrotowe"},{"@type":"BreadcrumbList","@id":"https:\/\/gmg.sklep.pl\/?product=krzeslo-5#breadcrumb","itemListElement":[{"@type":"ListItem","position":1,"name":"Strona g\u0142\u00f3wna","item":"https:\/\/gmg.sklep.pl\/"},{"@type":"ListItem","position":2,"name":"Sklep","item":"https:\/\/gmg.sklep.pl\/?page_id=38"},{"@type":"ListItem","position":3,"name":"U-Exeter"}]},{"@type":"WebSite","@id":"https:\/\/gmg.sklep.pl\/#website","url":"https:\/\/gmg.sklep.pl\/","name":"","description":"Fotele, krzes\u0142a i inne","potentialAction":[{"@type":"SearchAction","target":{"@type":"EntryPoint","urlTemplate":"https:\/\/gmg.sklep.pl\/?s={search_term_string}"},"query-input":{"@type":"PropertyValueSpecification","valueRequired":true,"valueName":"search_term_string"}}],"inLanguage":"pl-PL"}]}},"_links":{"self":[{"href":"https:\/\/gmg.sklep.pl\/index.php?rest_route=\/wp\/v2\/product\/3556","targetHints":{"allow":["GET"]}}],"collection":[{"href":"https:\/\/gmg.sklep.pl\/index.php?rest_route=\/wp\/v2\/product"}],"about":[{"href":"https:\/\/gmg.sklep.pl\/index.php?rest_route=\/wp\/v2\/types\/product"}],"replies":[{"embeddable":true,"href":"https:\/\/gmg.sklep.pl\/index.php?rest_route=%2Fwp%2Fv2%2Fcomments&post=3556"}],"version-history":[{"count":2,"href":"https:\/\/gmg.sklep.pl\/index.php?rest_route=\/wp\/v2\/product\/3556\/revisions"}],"predecessor-version":[{"id":3561,"href":"https:\/\/gmg.sklep.pl\/index.php?rest_route=\/wp\/v2\/product\/3556\/revisions\/3561"}],"wp:featuredmedia":[{"embeddable":true,"href":"https:\/\/gmg.sklep.pl\/index.php?rest_route=\/wp\/v2\/media\/3557"}],"wp:attachment":[{"href":"https:\/\/gmg.sklep.pl\/index.php?rest_route=%2Fwp%2Fv2%2Fmedia&parent=3556"}],"wp:term":[{"taxonomy":"product_brand","embeddable":true,"href":"https:\/\/gmg.sklep.pl\/index.php?rest_route=%2Fwp%2Fv2%2Fproduct_brand&post=3556"},{"taxonomy":"product_cat","embeddable":true,"href":"https:\/\/gmg.sklep.pl\/index.php?rest_route=%2Fwp%2Fv2%2Fproduct_cat&post=3556"},{"taxonomy":"product_tag","embeddable":true,"href":"https:\/\/gmg.sklep.pl\/index.php?rest_route=%2Fwp%2Fv2%2Fproduct_tag&post=3556"}],"curies":[{"name":"wp","href":"https:\/\/api.w.org\/{rel}","templated":true}]}}